. List the prime factors of u(-6).
3, 11, 313
Let r(u) = -38*u**3 - 4*u**2 - 7*u - 7. Let g(c) = c**3 - 28*c**2 - 27*c - 61. Let n be g(29). List the prime factors of r(n).
2, 251
Let v be 4 + (-9)/((-36)/104). Let d = -160 + 165. Suppose -d*g + v - 15 = 0. What are the prime factors of g?
3
Let w = -5 + 8. Let l(g) = 3*g**3 + 98*g + 96*g - 286*g + 93*g + 3*g**2. List the prime factors of l(w).
3, 37
Suppose -12*l + 2271216 = 35*l + l. What are the prime factors of l?
47317
Let r = 5616 - 3759. List the prime factors of r.
3, 619
Suppose -13*k = -814 - 70. Suppose 73 = g - k. Suppose 6*c = 7*c - g. What are the prime factors of c?
3, 47
Suppose 46 = 17*m - 5. Suppose 2*g - 2*t - 338 = 0, 5*g - m*t - 837 = -6*t. List the prime factors of g.
2, 3, 7
Let o(t) = -12*t + 4878. List the prime factors of o(-84).
2, 3, 109
Let u(b) = 27*b - 99. Let o be u(7). Let i = o + -18. List the prime factors of i.
2, 3
Let d(v) = 32 - 7*v + 7*v**2 + 13 - v**3 - 57. Let l be d(5). Suppose l*n = u - 166, -3*u + u = -n - 342. What are the prime factors of u?
2, 43
Suppose -5*q = -2*r - 29953, -3*r + 17955 = -61*q + 64*q. What are the prime factors of q?
53, 113
Let w be ((-602)/(-42))/((-2)/(-12)). Let d = w - 86. Suppose d = -5*v + 149 + 146. What are the prime factors of v?
59
What are the prime factors of 0 + 2 - 1143504/(-108)?
2, 3, 5, 353
Let i(w) = 164*w - 103. Let g be i(2). Suppose -2*t + 3*q + 1917 = 0, -227*q + g*q - 10 = 0. What are the prime factors of t?
3, 317
Let p(i) = 170*i**2 + 38*i + 356. List the prime factors of p(-7).
2, 5, 421
Suppose -3*d + 3*h + 738 = 0, 0*h = 5*d + 2*h - 1230. Let u be (4 + -22)*57/6. Let v = d + u. What are the prime factors of v?
3, 5
Let z be (-24)/40 + 13/5. Suppose z*x - 345 = -3*l + 3*x, 2*l + x - 230 = 0. What are the prime factors of l + 4/6 + 66/(-18)?
2, 7
Suppose 4*a = -14*l + 12*l + 788, -5*l - 175 = -a. Let o = 197 - a. List the prime factors of o.
2
Let w(n) = 7*n**2 - 27*n - 8. Let c = 35 + -26. What are the prime factors of w(c)?
2, 79
Suppose -41*t + 590 = -353. Suppose 0 = t*p - 10*p - 5408. What are the prime factors of p?
2, 13
Suppose -1397527 + 435679 = -72*n. List the prime factors of n.
3, 61, 73
Suppose -5*v + 31 - 21 = 0. Let h be (-8 + 5)*v/(-6) + 122. Suppose -5*c + 2*c + h = 0. What are the prime factors of c?
41
Let p = -2523 - -3572. Let a = p - 674. What are the prime factors of a?
3, 5
Suppose -4 = -u, 3*u - 12278 - 1182 = -4*p. List the prime factors of p.
2, 41
Let q = 5324 - 1071. What are the prime factors of q?
4253
Let f(m) = 156*m**2 - 69*m - 584. List the prime factors of f(-10).
2, 7853
Suppose -13*x + 38 = 6*x. Suppose 2*r - 3*z = 88, -x = 4*z - 3*z. What are the prime factors of r?
41
Let g(j) be the third derivative of -j**6/120 + 11*j**5/60 + j**4/3 + 3*j**3/2 - 2*j**2 + 4. What are the prime factors of g(9)?
3
Let x(a) = -a**2 - 6*a - 2. Let z be x(-4). Suppose 4*r = -z + 14. Suppose r*j + 2*j + 111 = b, j - 376 = -4*b. List the prime factors of b.
5, 19
Suppose -7*z + 8 + 6 = 0. Suppose -5*d = r - 0*r + 22, -z*r - 19 = 5*d. List the prime factors of r.
3
Suppose 20 = -2*o - 0*o. Let x be (-2)/(-9) + o/45. Suppose x*n = -4*i - 2*n + 290, 2*i - 2*n - 148 = 0. What are the prime factors of i?
73
Let v be 5*21/28*12. Suppose 182 = q - v. List the prime factors of q.
227
Let f be -1 + 0 - (-72 - -7) - 3. Suppose 0 = f*b - 1274 - 71743. What are the prime factors of b?
3, 7, 19
Let k(s) = -1002*s + 2409. What are the prime factors of k(-16)?
3, 683
Suppose 4*p = 4*d - 55744, -4*p - 27870 = -327*d + 325*d. List the prime factors of d.
7, 11, 181
Suppose 0 = 64*y - 71*y - 7224. List the prime factors of (4 + y/18)*-6.
2, 5
Let x be ((-12)/7)/(-2)*140/30. Suppose -x*z = 6550 + 7282. What are the prime factors of z/(-28) + 0 + (-1)/(-2)?
2, 31
Let y = 272 + -268. Suppose 2501 = y*k - 7*o + 10*o, -1249 = -2*k - o. What are the prime factors of k?
7, 89
Let s = -18562 - -28846. List the prime factors of s.
2, 3, 857
Let c(o) be the second derivative of -11*o**3/6 - 11*o**2/2 + 10*o. Let h = 2 - 8. List the prime factors of c(h).
5, 11
Let w = 61883 - 16346. List the prime factors of w.
3, 43, 353
Let h be 2/(-8)*-4*1. Let g be 31 + (-6)/(-18) + h/(-3). List the prime factors of ((-6)/(-3) - g)*(-2 + 1).
29
What are the prime factors of 174933/44 - 4*5/(-80)?
2, 7, 71
Let c be 39/(-18)*-26 - (-2)/3. Let a = 196 - c. Suppose -u + 4*u - a = -5*g, -3*g + 3*u + 69 = 0. List the prime factors of g.
2, 13
Suppose -9*v + 61884 + 8901 = 0. List the prime factors of v.
5, 11, 13
Let k(b) = 28*b**2 - 19*b + 21. Let t be k(-15). Suppose 8*o + o = t. List the prime factors of o.
2, 367
Let j(x) be the second derivative of -x**2 - 1/20*x**5 + 0 - 1/3*x**4 - 16*x - 13/6*x**3. List the prime factors of j(-7).
2, 59
List the prime factors of ((-8)/(-10))/(-3 - (-87533)/29165).
2, 307
Suppose 0 = -5*m + 2*i + 26 + 44, 4*m + 2*i = 56. Suppose -m*u + 7409 = -3581. What are the prime factors of u?
5, 157
Let j = 325 - 320. Let w(g) = -6*g + 158. List the prime factors of w(j).
2
Let w be (-1 + 9)*(-1)/((-4)/(-2)). What are the prime factors of (-1962)/15*15*w/18?
2, 109
Let q = -132173 - -196247. What are the prime factors of q?
2, 3, 59, 181
Suppose 3*c + 24 = c. Let a be (c/15)/((-2)/(-90)). What are the prime factors of (-36)/(-3)*(-243)/a?
3
Let p(y) = 4*y**2 + 20*y - 12. Let c be p(-6). Suppose c*i - 14*i - 4*l + 978 = 0, 0 = -3*i - 5*l + 1468. What are the prime factors of i?
491
What are the prime factors of 2*(-9 + -2 + 5584)?
2, 5573
What are the prime factors of (25/(-30))/((-70)/56) - 98085/(-9)?
3, 7, 173
Suppose -3 = 7*f + 81. Let g be (-4 - 44/f)/(2/(-18)). List the prime factors of g + 0 + 66 + 0.
3, 23
Let y be 50/(-5)*3/((-30)/44). Suppose -3*t + 37 = -y. Suppose -43 = -t*u + 26*u. What are the prime factors of u?
43
Let o(h) = -h**2 + 4*h + 23. Let c be o(-3). Suppose -15 = -3*w, 4*t + c*w - 4165 = 2813. List the prime factors of t.
2, 13, 67
Suppose -8*w + 5*w + x + 20060 = 0, 3*w + x - 20068 = 0. What are the prime factors of w?
2, 11, 19
Let g be -4 - 3*(-5)/15 - -473. List the prime factors of ((-2)/6)/((-13)/(-156)) + g.
2, 233
Suppose o = 2*p - 5, -2*o = -3*p - 0 + 10. Let c(y) = -73*y - 303. Let n be c(-5). Suppose p = -i + n + 51. What are the prime factors of i?
113
Let g be (-2)/(-7) + 64380/21 + 2. Suppose 34*d - 38*d = -g. List the prime factors of d.
13, 59
Suppose 275*r = 301*r - 1631214. What are the prime factors of r?
3, 6971
Let k(f) = -f**2 + 5*f. Let s = -82 + 80. Let x(a) = -a**3 - 2*a**2 - 3*a - 2. Let j be x(s). What are the prime factors of k(j)?
2
Let u(o) = o**3 + 52*o**2 + 35*o - 135. What are the prime factors of u(-43)?
7, 2143
Suppose 2*p = -9 + 1, -l = -2*p - 12. List the prime factors of 883/(l - 3) + 5.
2, 3, 37
Let j(z) be the third derivative of 19*z**4/24 + 29*z**3/6 + 6*z**2. Let t be j(-13). Let i = -119 - t. What are the prime factors of i?
3, 11
Let s be (-4)/(-12) + 38/(-12)*2. Let i be s/33 + 1200/66. List the prime factors of -62*(-39)/i + 2/3.
3, 5
Let n(l) = l**3 - l**2 - l + 540. Suppose -5*m = -2*m. What are the prime factors of n(m)?
2, 3, 5
Let v(b) = 228*b - 4. Let p(c) = 1138*c - 21. Let z = -50 - -52. Let m(o) = z*p(o) - 11*v(o). What are the prime factors of m(-1)?
2, 3, 13
Suppose -1991 = 2*r + 3*o - 11410, 2*r = 2*o + 9414. List the prime factors of r.
2, 11, 107
Suppose n + 7043 = -421*d + 423*d, 0 = -4*d - 3*n + 14091. What are the prime factors of d?
2, 3, 587
Let r(w) = -46*w - 3. Let n be r(-8). Suppose 5*o - a = -6*a + n, -5*o + 368 = 4*a. List the prime factors of (o/(-5))/(2/(-25)).
2, 5, 19
List the prime factors of ((-4)/(-20) - 3619/20)/((-30)/5840).
2, 73, 241
Suppose 557*y = 556*y + 3115 + 1262. What are the prime factors of y?
3, 1459
Let b(q) be the second derivative of -q**5/4 - 3*q**4/4 - 8*q**3/3 - 2*q**2 - 100*q. List the prime factors of b(-5).
2, 7, 17
Let g(t) = 9*t**2 - 71*t - 65. What are the prime factors of g(-7)?
3, 97
Let k = -10 + 46. Let s be 0*-3*3/k. Suppose -6*t + 8*t - 94 = s. List the prime factors of t.
47
Let i(a) = 27*a**2 - 4*a - 45. Let j(q) = -41*q**2 + 6*q + 68. Let d(l) = 8*i(l) + 5*j(l). List the prime factors of d(7).
5, 101
Suppose -3*c + 138 = -30. Suppose -135*t = -125*t - 160. List